38 and 42872?
466
Calculate the greatest common factor of 23040 and 2448.
144
What is the highest common divisor of 17983 and 2936?
367
Calculate the greatest common factor of 41173 and 152.
19
What is the greatest common factor of 8 and 26984?
8
What is the greatest common factor of 444828 and 228?
228
Calculate the highest common divisor of 60 and 99165.
15
Calculate the highest common divisor of 20 and 29550.
10
Calculate the highest common factor of 63 and 19827.
9
What is the greatest common divisor of 203693 and 49?
49
What is the greatest common divisor of 320 and 18520?
40
Calculate the highest common divisor of 10121 and 58.
29
What is the highest common factor of 4540 and 234491?
227
Calculate the highest common factor of 195 and 5135.
65
Calculate the highest common factor of 185 and 400.
5
What is the greatest common factor of 29 and 1172267?
29
Calculate the greatest common divisor of 16761 and 7215.
111
What is the greatest common divisor of 880024 and 328?
328
What is the highest common divisor of 32640 and 20655?
255
What is the highest common divisor of 95 and 751355?
95
Calculate the highest common divisor of 84 and 3561348.
84
Calculate the greatest common divisor of 3756 and 220.
4
What is the greatest common divisor of 1221292 and 404?
404
What is the greatest common divisor of 24136 and 12600?
56
Calculate the greatest common factor of 214 and 1356118.
214
What is the highest common factor of 206440 and 920?
40
What is the highest common factor of 1376 and 58528?
32
Calculate the highest common divisor of 16133 and 94588.
221
What is the greatest common divisor of 194339 and 248?
31
What is the highest common factor of 1043 and 1351579?
149
Calculate the greatest common divisor of 95771 and 834.
139
What is the highest common factor of 8 and 26416?
8
Calculate the highest common divisor of 36966 and 186042.
606
What is the greatest common factor of 81 and 70101?
9
Calculate the greatest common factor of 917 and 44401.
7
Calculate the greatest common divisor of 663243 and 6.
3
Calculate the greatest common divisor of 18 and 753.
3
Calculate the highest common factor of 141885 and 1755.
135
What is the highest common divisor of 12284 and 177620?
332
Calculate the greatest common factor of 12 and 303246.
6
What is the highest common factor of 53605 and 604?
151
Calculate the highest common divisor of 189052 and 604.
604
What is the greatest common factor of 126917 and 14?
7
Calculate the greatest common factor of 2783 and 2484.
23
Calculate the greatest common factor of 720 and 9792.
144
Calculate the highest common divisor of 100 and 1004.
4
Calculate the highest common divisor of 12212 and 16426.
86
Calculate the greatest common factor of 3292375 and 125.
125
What is the greatest common factor of 61761 and 255?
51
Calculate the highest common factor of 248 and 1605.
1
What is the highest common divisor of 9618 and 212054?
458
What is the greatest common factor of 3825 and 3400?
425
What is the greatest common factor of 3040084 and 428?
428
What is the highest common factor of 202926 and 372?
186
Calculate the greatest common factor of 1911278 and 6377.
911
Calculate the greatest common divisor of 2946348 and 12.
12
Calculate the highest common factor of 323970 and 30.
30
What is the highest common divisor of 18297 and 7353?
171
What is the highest common divisor of 66 and 724614?
66
What is the greatest common factor of 96611 and 68?
17
Calculate the greatest common divisor of 225 and 148725.
225
What is the greatest common divisor of 3762 and 7326?
198
Calculate the greatest common factor of 802029 and 249.
249
Calculate the greatest common divisor of 57524 and 3796.
292
Calculate the highest common factor of 172405 and 870.
145
What is the greatest common divisor of 45240 and 52?
52
Calculate the greatest common factor of 466 and 2641754.
466
What is the highest common divisor of 1452 and 12672?
132
Calculate the greatest common divisor of 130 and 1260922.
26
Calculate the highest common divisor of 6851 and 104.
13
Calculate the highest common divisor of 2196 and 5002.
122
What is the highest common divisor of 265 and 865?
5
Calculate the greatest common factor of 273 and 34125.
273
What is the highest common factor of 912 and 323760?
912
Calculate the greatest common divisor of 15638 and 994.
14
Calculate the greatest common factor of 73700 and 18700.
1100
Calculate the highest common divisor of 20026 and 2542.
62
What is the highest common divisor of 1332024 and 24?
24
What is the highest common divisor of 4142 and 4560?
38
What is the greatest common divisor of 6035 and 68?
17
What is the greatest common divisor of 15848 and 4424?
56
Calculate the greatest common factor of 18271 and 22143.
121
Calculate the greatest common factor of 188 and 26743.
47
What is the greatest common divisor of 5184 and 180?
36
Calculate the greatest common divisor of 7379 and 294218.
157
What is the highest common divisor of 6474 and 390?
78
What is the greatest common divisor of 6567 and 577299?
597
What is the highest common divisor of 722400 and 1935?
645
Calculate the greatest common divisor of 12 and 78140.
4
Calculate the highest common factor of 3125 and 74975.
25
What is the highest common divisor of 57459 and 23754?
321
Calculate the greatest common divisor of 2079 and 41811.
231
Calculate the highest common factor of 534 and 18.
6
What is the greatest common divisor of 1305 and 855?
45
Calculate the greatest common divisor of 11 and 8368019.
11
What is the highest common factor of 426 and 12?
6
Calculate the highest common factor of 18792 and 119799.
2349
What is the greatest common factor of 72597 and 21?
21
Calculate the greatest common divisor of 5 and 1465.
5
What is the highest common factor of 36068 and 48848?
284
Calculate the greatest common factor of 78 and 61893.
39
What is the greatest common factor of 54 and 1339029?
9
What is the greatest common divisor of 112 and 50036?
28
Calculate the greatest common divisor of 21030035 and 1289.
1289
What is the greatest common divisor of 1652 and 21889?
413
Calculate the highest common divisor of 18727 and 488.
61
What is the highest common divisor of 845 and 29744?
169
Calculate the highest common divisor of 230 and 51820.
10
Calculate the greatest common divisor of 17 and 573257.
17
What is the highest common divisor of 5336 and 841?
29
Calculate the highest common divisor of 73 and 1949684.
73
Calculate the greatest common factor of 656 and 2718956.
164
What is the highest common divisor of 24608 and 64?
32
What is the greatest common factor of 208 and 976912?
16
What is the highest common divisor of 125 and 381250?
125
What is the highest common divisor of 44 and 133133?
11
Calculate the greatest common factor of 1587425 and 2702.
1351
Calculate the highest common divisor of 1932 and 19656.
84
What is the highest common divisor of 582 and 1085818?
194
Calculate the highest common divisor of 54307 and 33.
11
What is the highest common divisor of 2135 and 511?
7
What is the greatest common factor of 49 and 474733?
7
Calculate the greatest common factor of 86 and 7921030.
86
Calculate the highest common factor of 13266 and 4356.
198
Calculate the greatest common factor of 899239 and 11.
11
Calculate the highest common divisor of 220 and 819610.
110
Calculate the highest common divisor of 540 and 131715.
45
What is the highest common factor of 11 and 125533?
1
What is the highest common divisor of 272741 and 7567?
329
What is the highest common divisor of 6 and 256278?
6
Calculate the greatest common factor of 494 and 5947.
19
What is the greatest common divisor of 22920 and 102567?
573
Calculate the highest common factor of 250299 and 783.
261
What is the greatest common factor of 159 and 1917?
3
What is the greatest common factor of 10071 and 13055?
373
What is the greatest common factor of 10105 and 6815?
235
What is the highest common factor of 162176 and 29141?
1267
What is the highest common factor of 374 and 308?
22
Calculate the greatest common factor of 127912 and 18428.
1084
What is the highest common factor of 2172419 and 23?
23
Calculate the highest common divisor of 5936 and 11554.
106
What is the greatest common factor of 17286 and 4558?
86
Calculate the highe